ainder when ((-885)/(-10))/((-6)/g) is divided by 10?
9
Let v = 9108 + 1020. What is the remainder when v is divided by 33?
30
Let y = -389 + 329. Suppose -3*o + 193 = -4*z, 3*z - 6*z - 189 = -3*o. Calculate the remainder when o is divided by (-888)/y + (-2)/(-30)*3.
14
Let k(n) = -n**3 + 2*n**2 + 14*n + 8. Let g be k(5). Suppose g*d + 204 - 62 = 5*l, 22 = l + d. Calculate the remainder when 126 is divided by l.
22
What is the remainder when 323 is divided by (12/(-90))/(-2) + 39663/405?
29
Suppose -32*j = -26*j - 6. Calculate the remainder when (-3068)/(-78) + j/(-3) is divided by 2.
1
Let u = 3903 + -3755. What is the remainder when u is divided by 82?
66
Let w(o) = o**3 + 27*o**2 + 47*o - 47. Let t(l) = l**3 + 11*l**2 + 5*l - 11. Calculate the remainder when t(-10) is divided by w(-25).
11
Calculate the remainder when 17*(-22)/(-154)*3507 is divided by 142.
139
Let t be 12/(-7 + 4) + (-40)/(-5). Suppose t*j - 154 = -110. Calculate the remainder when 28 is divided by j.
6
Suppose 46*i - 53*i + 14 = 0. Suppose i*s + 3*s = 65. Let n(o) = o**3 - 14*o**2 + 16*o - 6. Calculate the remainder when 126 is divided by n(s).
27
Let g = -119 - -85. Let c = 63 + g. Suppose -k = 4*k - 5*s, 2*k + 24 = 3*k + 3*s. Calculate the remainder when c is divided by k.
5
Let p(a) = -13 - 8*a - 12*a - 21 - 17*a - a**3 - 27*a**2. Calculate the remainder when p(-26) is divided by 51.
48
What is the remainder when 86*(9/(-117))/((-4)/26) is divided by 34?
9
Calculate the remainder when (-32)/(-10)*(-2025)/(-324) is divided by (11 - 16) + (-1 - -13).
6
Let c be (-12)/(-66) - 108/(-11). Let h be 2490/(-25) - 4/c. Let y = h + 119. What is the remainder when 74 is divided by y?
17
Let n(u) = 242*u + 5943. Suppose t - 3*y - 17 = 21, -4*y - 82 = -2*t. What is the remainder when n(-24) is divided by t?
41
Let h = 1056 - 3014. Suppose 9659 = 120*c + 1739. What is the remainder when (-4 + 1)*h/c is divided by 15?
14
Let o be 451/33 - (-4)/12. Suppose -28*p + 1022 = -o. What is the remainder when 332 is divided by p?
36
Suppose 53704*i - 53766*i + 682 = 0. Suppose 5*q + c = -3621, 0 = 2*q + 3*c + 1105 + 346. What is the remainder when 2/7 + q/(-14) is divided by i?
8
Let p(z) be the second derivative of 5*z**3/3 - 19*z. Let l be p(12). Let q = l + -72. Calculate the remainder when q is divided by 26.
22
Let k(n) = 4*n - 28. Let f be k(7). Suppose v + u - 3 = 0, -4*v + 4*u + 20 = -f*v. Let z = 23 + -9. Calculate the remainder when z is divided by v.
2
Suppose 0 = 5*u - u - 60. Suppose 4*l - 676 + 184 = 0. Let q = l - 81. Calculate the remainder when q is divided by u.
12
Let l(u) = 8*u**2 + 10*u**2 + 0*u**2 + 7 - 6*u. Suppose -2*m + 5*d = 18, -7*d - 22 = 2*m - 13*d. What is the remainder when 54 is divided by l(m)?
16
What is the remainder when 291 is divided by (-76)/(-12)*(3 + -9 + 15)?
6
Suppose -4*t - 73 = -b, -3*t - 156 = b - 4*b. What is the remainder when 7280 is divided by b?
35
Let k = 68 + 37. Let a = -3 - -41. Calculate the remainder when k is divided by a.
29
Let c = -358 - -359. Calculate the remainder when 42 is divided by c/5 + (-4687)/(-215).
20
Let i(t) = -2*t**2 + 8*t + 4. Let v be i(6). Let s(a) = 36 + a**2 - 66 + 30*a - 11*a + 20. What is the remainder when 58 is divided by s(v)?
8
Suppose 5*h - 72 = -2. Let i(v) = v**3 + v**2 - v + 3. Let z be i(0). Suppose 2*f + 23 = 4*c + z*f, -2*f + 4 = c. What is the remainder when h is divided by c?
2
Suppose 7339 = 67*m + 4*m - 2175. What is the remainder when 394 is divided by m?
126
Suppose -d + 2*q = -0*q - 17, -3*d + 51 = -4*q. Let t(y) = -2*y**3 + 4*y - 13. What is the remainder when t(-5) is divided by d?
13
Let z(m) = m**2 + 3*m + 1. Let p be z(-4). Let k be (2 + -1)*(5 - p). Suppose k = -2*g + 50 - 0. Calculate the remainder when g is divided by 14.
11
Suppose 0 = -0*o + 5*o - 10. What is the remainder when ((-6336)/(-126) + o/(-7))*1 is divided by 28?
22
Let k(w) = 1543*w**2 + 3*w. Calculate the remainder when k(1) is divided by 25.
21
Suppose -b + 351 = t, 717 = 2*t - 2*b + 7*b. Let g = 452 - t. What is the remainder when g is divided by 28?
22
Let z(u) = -u**2 + 14*u - 9. Let m be 37 + 2/6*9. Suppose -4 = -2*f + 2*s + 6, m = 5*f - 2*s. What is the remainder when 89 is divided by z(f)?
27
Suppose -v - 41 - 2 = -2*u, 0 = 4*v + 20. Let g(s) = 3*s**2 + 1033*s + 10036. Calculate the remainder when u is divided by g(-10).
1
Calculate the remainder when 241316/129*(-9)/(-6) is divided by 78.
76
Let r = 622 - 519. Calculate the remainder when r is divided by 53.
50
Suppose -30*y = -27*y + 4*a - 271, -12*a = -3*y + 303. Suppose 2*g - 82 = -t + 13, 0 = t + 5. Calculate the remainder when y is divided by g.
43
Let n be 4/((-2)/(-10) - 208/240). Let a(u) = u**3 + 13*u**2 - 4*u - 16. What is the remainder when a(n) is divided by 53?
48
Let w = 162 - 139. Let h(z) = 8*z - 18. Let a(l) = -l - 1. Let x(q) = -5*a(q) - h(q). What is the remainder when x(-7) is divided by w?
21
Let q(j) = 1375*j + 8300. What is the remainder when 8741 is divided by q(-6)?
41
Let x(k) = 54*k - 1216. Calculate the remainder when 180 is divided by x(23).
24
Let s be -2*(-1)/((-4)/(-38)). Suppose s*k = 23*k. Suppose k = 4*o + 2*z - 208, 3*z + 16 = -z. Calculate the remainder when o is divided by 14.
12
Let p be 52/9 - (42/54 + -1). Calculate the remainder when (-3)/p*(-523 - -1) is divided by 44.
41
What is the remainder when 640 is divided by (-2904)/231*(-14)/4?
24
What is the remainder when 78 is divided by (-795)/90 - -9 - (-70)/12?
0
Let u = 2547 - 5752. What is the remainder when (-2 + -2)*(u/20 + 10) is divided by 11?
7
Let j(p) = 3*p**2 - 257*p - 2 + 264*p - 5. Calculate the remainder when 110 is divided by j(2).
15
Let g(f) = 3*f**3 + 14*f**2 - 11*f + 5. Let u be g(-5). Let j = 101 - u. Calculate the remainder when j is divided by 35.
31
Suppose 15*z - 20*z + 5*j - 5 = 0, 3*j = -4*z + 31. Calculate the remainder when 65 is divided by z.
1
Let g(y) = -y**2 + 6*y - 3. Let m be g(5). Suppose 76 = m*d - 4*p, 4*d - 2*p - 103 - 55 = 0. Calculate the remainder when 199 is divided by d.
39
Let f be -3*7/105*0. Suppose -212*x + 221*x - 342 = f. What is the remainder when x is divided by 11?
5
Let h = 12447 + -12437. Let l be -2 + 0 + (-5)/(-1). Suppose l*k + i = 52, -2*k - i + 36 = i. Calculate the remainder when k is divided by h.
7
Let n = 189 + -181. Suppose -4*b - n*p + 6*p + 118 = 0, -3*b + 4*p = -72. Calculate the remainder when 81 is divided by b.
25
Calculate the remainder when 2113 is divided by (-4)/30 + (-168512)/(-240).
7
Suppose 2503*q + 3335 = 2532*q. Calculate the remainder when 180 is divided by q.
65
Suppose -3*c - n + 10 = 0, c + n = -c + 5. Suppose c*m - 150 = 5*a, m + 0*m - 33 = 2*a. Let t = -1 + m. Calculate the remainder when 49 is divided by t.
23
Let v = 12326 - 10952. What is the remainder when v is divided by 16?
14
Let n(g) = 10*g - 28. Let t be (-6)/(1*2) - (-392)/56. What is the remainder when 47 is divided by n(t)?
11
Let g(w) = 5*w + w**3 - 18*w - 4 + 9*w - 18 + 11*w**2. Suppose 0 = 3*b - 0*b - 258. What is the remainder when b is divided by g(-11)?
20
Let d(t) = 80*t**2 - t. Let u be d(1). Suppose -3*x + u = -5*o - 16, 0 = 2*o - 4. Calculate the remainder when x is divided by 12.
11
Suppose -45*w - 12*w + 4292 = 59*w. Calculate the remainder when 139 is divided by w.
28
Let u be 242/3 + (-3)/(-9). Suppose u + 2 = n. Suppose 2*t = n + 57. What is the remainder when t is divided by 15?
10
Let m(y) = -7*y - 9. Let p be m(-2). Suppose 0 = -5*b - z + 40, -4*b - p*z + 19 = -13. Let o = -3 + 25. Calculate the remainder when o is divided by b.
6
Suppose -3*x + 55 = -71. Let u = x + -46. Let n = 24 - u. Calculate the remainder when n is divided by 10.
8
Calculate the remainder when 47 - (-10 + 10 + -10) is divided by 29.
28
Let r(i) = -i**3 + 6*i**2 - 4*i - 1. Let z(q) = -4*q**3 + 13*q**2 - 8*q - 3. Let b(w) = 5*r(w) - 2*z(w). Calculate the remainder when 112 is divided by b(2).
13
Let y = 6051 - 6040. What is the remainder when 117 is divided by y?
7
Suppose m = -5*z + 2527, -4*z + 9*z + 2*m = 2524. Let o = 578 - z. Calculate the remainder when o is divided by 30.
12
Suppose 2*i - 5*p - 21 = 0, -4*p = -4*i - 9*p + 57. Let j(m) = 8*m - 52. What is the remainder when 128 is divided by j(i)?
24
Let t(d) be the first derivat